{"id":19390,"date":"2026-04-14T11:12:01","date_gmt":"2026-04-14T09:12:01","guid":{"rendered":"https:\/\/paroisse-herbasse.fr\/?page_id=19390"},"modified":"2026-04-14T11:12:01","modified_gmt":"2026-04-14T09:12:01","slug":"rando-sur-le-plateau-de-la-moliere","status":"publish","type":"page","link":"https:\/\/paroisse-herbasse.fr\/index.php\/rando-sur-le-plateau-de-la-moliere\/","title":{"rendered":"Rando sur le plateau de la Moli\u00e8re"},"content":{"rendered":"<p>[et_pb_section fb_built=\u00a0\u00bb1&Prime; _builder_version=\u00a0\u00bb4.27.6&Prime; _module_preset=\u00a0\u00bbdefault\u00a0\u00bb global_colors_info=\u00a0\u00bb{}\u00a0\u00bb][et_pb_row column_structure=\u00a0\u00bb1_2,1_2&Prime; _builder_version=\u00a0\u00bb4.27.6&Prime; _module_preset=\u00a0\u00bbdefault\u00a0\u00bb global_colors_info=\u00a0\u00bb{}\u00a0\u00bb][et_pb_column type=\u00a0\u00bb1_2&Prime; _builder_version=\u00a0\u00bb4.27.6&Prime; _module_preset=\u00a0\u00bbdefault\u00a0\u00bb global_colors_info=\u00a0\u00bb{}\u00a0\u00bb][et_pb_image src=\u00a0\u00bbhttps:\/\/paroisse-herbasse.fr\/wp-content\/uploads\/2026\/04\/ChatGPT-Image-14-avr.-2026-11_03_33.png\u00a0\u00bb _builder_version=\u00a0\u00bb4.27.6&Prime; _module_preset=\u00a0\u00bbdefault\u00a0\u00bb title_text=\u00a0\u00bbChatGPT Image 14 avr. 2026, 11_03_33&Prime; hover_enabled=\u00a0\u00bb0&Prime; sticky_enabled=\u00a0\u00bb0&Prime;][\/et_pb_image][\/et_pb_column][et_pb_column type=\u00a0\u00bb1_2&Prime; _builder_version=\u00a0\u00bb4.27.6&Prime; _module_preset=\u00a0\u00bbdefault\u00a0\u00bb global_colors_info=\u00a0\u00bb{}\u00a0\u00bb][et_pb_text _builder_version=\u00a0\u00bb4.27.6&Prime; _module_preset=\u00a0\u00bbdefault\u00a0\u00bb hover_enabled=\u00a0\u00bb0&Prime; sticky_enabled=\u00a0\u00bb0&Prime;]<\/p>\n<h2 data-section-id=\"nvifhx\" data-start=\"120\" data-end=\"161\">Randonn\u00e9e paroissiale des seniors<\/h2>\n<h3 data-section-id=\"1qjse3t\" data-start=\"162\" data-end=\"214\">Jeudi 7 mai \u2013 Plateau de la Moli\u00e8re (Vercors)<\/h3>\n<p data-start=\"216\" data-end=\"318\">Une belle journ\u00e9e pour <strong data-start=\"239\" data-end=\"281\">marcher, partager et c\u00e9l\u00e9brer ensemble<\/strong> dans un cadre naturel exceptionnel !<\/p>\n<h3 data-section-id=\"1cs7oex\" data-start=\"325\" data-end=\"363\">Une randonn\u00e9e accessible \u00e0 tous<\/h3>\n<p data-start=\"364\" data-end=\"472\">Une marche facile, sur de larges sentiers, adapt\u00e9e aux seniors, au c\u0153ur des magnifiques paysages du Vercors.<\/p>\n<h3 data-section-id=\"w2ihvt\" data-start=\"479\" data-end=\"504\">Un temps spirituel<\/h3>\n<p data-start=\"505\" data-end=\"625\">Au cours de la journ\u00e9e, nous vivrons ensemble la <strong data-start=\"554\" data-end=\"576\">messe en plein air<\/strong>, dans la simplicit\u00e9 et la beaut\u00e9 de la cr\u00e9ation.<\/p>\n<h3 data-section-id=\"10cswjv\" data-start=\"632\" data-end=\"648\">\u00c0 pr\u00e9voir<\/h3>\n<ul data-start=\"649\" data-end=\"835\">\n<li data-section-id=\"1qgv76j\" data-start=\"649\" data-end=\"664\">Pique-nique<\/li>\n<li data-section-id=\"1yxa8fn\" data-start=\"665\" data-end=\"726\"><strong data-start=\"667\" data-end=\"703\">Petit si\u00e8ge pliant (type pliant)<\/strong> pour plus de confort<\/li>\n<li data-section-id=\"v4uoco\" data-start=\"727\" data-end=\"760\">Chaussures de marche adapt\u00e9es<\/li>\n<li data-section-id=\"1nnfpqt\" data-start=\"761\" data-end=\"801\">Protection solaire (chapeau, cr\u00e8me\u2026)<\/li>\n<li data-section-id=\"1ehqdp4\" data-start=\"802\" data-end=\"835\">V\u00eatement chaud (m\u00eame en mai \ud83d\ude09)<\/li>\n<\/ul>\n<h3 data-section-id=\"myvh74\" data-start=\"842\" data-end=\"872\">Transport \u2013 Covoiturage<\/h3>\n<p data-start=\"873\" data-end=\"913\">Le transport s\u2019organise en covoiturage :<\/p>\n<ul data-start=\"915\" data-end=\"1101\">\n<li data-section-id=\"k8fl3l\" data-start=\"915\" data-end=\"992\">Merci d\u2019indiquer dans le formulaire si vous pouvez proposer votre voiture<\/li>\n<li data-section-id=\"3qk98i\" data-start=\"993\" data-end=\"1037\">Pr\u00e9cisez le nombre de places disponibles<\/li>\n<li data-section-id=\"1662of0\" data-start=\"1038\" data-end=\"1101\">Un <strong data-start=\"1043\" data-end=\"1076\">minibus paroissial (9 places)<\/strong> sera \u00e9galement propos\u00e9<\/li>\n<\/ul>\n<p data-start=\"1103\" data-end=\"1239\"><strong data-start=\"1106\" data-end=\"1142\">Participation : 8 \u20ac par personne<\/strong>, \u00e0 r\u00e9gler directement au conducteur<br data-start=\"1178\" data-end=\"1181\" \/><\/p>\n<h3 data-section-id=\"18bsvd2\" data-start=\"1246\" data-end=\"1277\">Informations importantes<\/h3>\n<ul data-start=\"1278\" data-end=\"1396\">\n<li data-section-id=\"o5ho14\" data-start=\"1278\" data-end=\"1328\">L\u2019itin\u00e9raire pourra \u00eatre adapt\u00e9 selon la m\u00e9t\u00e9o<\/li>\n<li data-section-id=\"aofekm\" data-start=\"1329\" data-end=\"1396\">La sortie pourra \u00eatre annul\u00e9e en cas de conditions d\u00e9favorables<\/li>\n<\/ul>\n<h3 data-section-id=\"1vk2q7p\" data-start=\"1403\" data-end=\"1422\">Inscriptions<\/h3>\n<p data-start=\"1423\" data-end=\"1523\">\ud83d\udc49 Merci de vous inscrire en ligne via le lien ci-dessous :<br data-start=\"1482\" data-end=\"1485\" \/><a href=\"https:\/\/public.enoria.app\/pubinsc\/auth?type=event&amp;t=29b7bd4d4171636\">https:\/\/public.enoria.app\/pubinsc\/auth?type=event&amp;t=29b7bd4d4171636<\/a><\/p>\n<p>[\/et_pb_text][\/et_pb_column][\/et_pb_row][\/et_pb_section]<\/p>\n","protected":false},"excerpt":{"rendered":"<p>Randonn\u00e9e paroissiale des seniors Jeudi 7 mai \u2013 Plateau de la Moli\u00e8re (Vercors) Une belle journ\u00e9e pour marcher, partager et c\u00e9l\u00e9brer ensemble dans un cadre naturel exceptionnel ! Une randonn\u00e9e [&hellip;]<\/p>\n","protected":false},"author":1,"featured_media":0,"parent":0,"menu_order":0,"comment_status":"closed","ping_status":"closed","template":"","meta":{"_et_pb_use_builder":"on","_et_pb_old_content":"","_et_gb_content_width":"","inline_featured_image":false,"footnotes":""},"class_list":["post-19390","page","type-page","status-publish","hentry"],"_links":{"self":[{"href":"https:\/\/paroisse-herbasse.fr\/index.php\/wp-json\/wp\/v2\/pages\/19390","targetHints":{"allow":["GET"]}}],"collection":[{"href":"https:\/\/paroisse-herbasse.fr\/index.php\/wp-json\/wp\/v2\/pages"}],"about":[{"href":"https:\/\/paroisse-herbasse.fr\/index.php\/wp-json\/wp\/v2\/types\/page"}],"author":[{"embeddable":true,"href":"https:\/\/paroisse-herbasse.fr\/index.php\/wp-json\/wp\/v2\/users\/1"}],"replies":[{"embeddable":true,"href":"https:\/\/paroisse-herbasse.fr\/index.php\/wp-json\/wp\/v2\/comments?post=19390"}],"version-history":[{"count":3,"href":"https:\/\/paroisse-herbasse.fr\/index.php\/wp-json\/wp\/v2\/pages\/19390\/revisions"}],"predecessor-version":[{"id":19394,"href":"https:\/\/paroisse-herbasse.fr\/index.php\/wp-json\/wp\/v2\/pages\/19390\/revisions\/19394"}],"wp:attachment":[{"href":"https:\/\/paroisse-herbasse.fr\/index.php\/wp-json\/wp\/v2\/media?parent=19390"}],"curies":[{"name":"wp","href":"https:\/\/api.w.org\/{rel}","templated":true}]}}