{"id":16341,"date":"2024-05-18T16:15:38","date_gmt":"2024-05-18T14:15:38","guid":{"rendered":"https:\/\/paroisse-herbasse.fr\/?page_id=16341"},"modified":"2026-02-21T16:13:21","modified_gmt":"2026-02-21T15:13:21","slug":"deande-dextrait-de-baptee","status":"publish","type":"page","link":"https:\/\/paroisse-herbasse.fr\/index.php\/baptee\/deande-dextrait-de-baptee\/","title":{"rendered":"demande d&rsquo;extrait de bapt\u00eame"},"content":{"rendered":"<p>[et_pb_section admin_label=\u00a0\u00bbsection\u00a0\u00bb]<br \/>\n\t\t\t[et_pb_row admin_label=\u00a0\u00bbrow\u00a0\u00bb]<br \/>\n\t\t\t\t[et_pb_column type=\u00a0\u00bb4_4&Prime;][et_pb_text admin_label=\u00a0\u00bbText\u00a0\u00bb]<\/p>\n<h5>Vous avez \u00e9t\u00e9 baptis\u00e9 sur la paroisse Notre Dame de l\u2019Herbasse et vous avez besoin d\u2019un extrait d\u2019acte de bapt\u00eame pour \u00eatre parrain \/ marraine ou pour recevoir la confirmation ?<\/h5>\n<h5>Afin de pouvoir traiter votre demande, merci d\u2019imprimer et de remplir\u00a0 le formulaire (ci dessous) et de l\u2019envoyer par courrier postal \u00e0 la paroisse.<\/h5>\n<p><span style=\"color: #ff0000;\">\u00a0<a href=\"https:\/\/paroisse-herbasse.fr\/wp-content\/uploads\/2024\/10\/DEMANDE-DEXTRAIT-DE-BAPTEME-pour-notaire-paroisse-St-Donat.pdf\" class=\"pdfemb-viewer\" style=\"\" data-width=\"max\" data-height=\"max\" data-toolbar=\"bottom\" data-toolbar-fixed=\"off\">DEMANDE D\u2019EXTRAIT DE BAPTEME (pour notaire paroisse St Donat)<\/a><\/span>[\/et_pb_text][\/et_pb_column]<br \/>\n\t\t\t[\/et_pb_row]<br \/>\n\t\t[\/et_pb_section]<\/p>\n","protected":false},"excerpt":{"rendered":"<p>Vous avez \u00e9t\u00e9 baptis\u00e9 sur la paroisse Notre Dame de l\u2019Herbasse et vous avez besoin d\u2019un extrait d\u2019acte de bapt\u00eame pour \u00eatre parrain \/ marraine ou pour recevoir la confirmation [&hellip;]<\/p>\n","protected":false},"author":8,"featured_media":0,"parent":2148,"menu_order":0,"comment_status":"closed","ping_status":"closed","template":"","meta":{"_et_pb_use_builder":"on","_et_pb_old_content":"<h5>Vous avez \u00e9t\u00e9 baptis\u00e9 sur la paroisse Notre Dame de l\u2019Herbasse et vous avez besoin d\u2019un extrait d\u2019acte de bapt\u00eame pour \u00eatre parrain \/ marraine ou pour recevoir la confirmation ?<\/h5>\r\n<h5>Afin de pouvoir traiter votre demande, merci d\u2019imprimer et de remplir\u00a0 le formulaire (ci dessous) et de l\u2019envoyer par courrier postal \u00e0 la paroisse.<\/h5>\r\n<span style=\"color: #ff0000;\">\u00a0[pdf-embedder url=\"https:\/\/paroisse-herbasse.fr\/wp-content\/uploads\/2024\/10\/DEMANDE-DEXTRAIT-DE-BAPTEME-pour-notaire-paroisse-St-Donat.pdf\" title=\"DEMANDE D\u2019EXTRAIT DE BAPTEME (pour notaire paroisse St Donat)\"]<\/span>","_et_gb_content_width":"","inline_featured_image":false,"footnotes":""},"class_list":["post-16341","page","type-page","status-publish","hentry"],"_links":{"self":[{"href":"https:\/\/paroisse-herbasse.fr\/index.php\/wp-json\/wp\/v2\/pages\/16341","targetHints":{"allow":["GET"]}}],"collection":[{"href":"https:\/\/paroisse-herbasse.fr\/index.php\/wp-json\/wp\/v2\/pages"}],"about":[{"href":"https:\/\/paroisse-herbasse.fr\/index.php\/wp-json\/wp\/v2\/types\/page"}],"author":[{"embeddable":true,"href":"https:\/\/paroisse-herbasse.fr\/index.php\/wp-json\/wp\/v2\/users\/8"}],"replies":[{"embeddable":true,"href":"https:\/\/paroisse-herbasse.fr\/index.php\/wp-json\/wp\/v2\/comments?post=16341"}],"version-history":[{"count":3,"href":"https:\/\/paroisse-herbasse.fr\/index.php\/wp-json\/wp\/v2\/pages\/16341\/revisions"}],"predecessor-version":[{"id":19092,"href":"https:\/\/paroisse-herbasse.fr\/index.php\/wp-json\/wp\/v2\/pages\/16341\/revisions\/19092"}],"up":[{"embeddable":true,"href":"https:\/\/paroisse-herbasse.fr\/index.php\/wp-json\/wp\/v2\/pages\/2148"}],"wp:attachment":[{"href":"https:\/\/paroisse-herbasse.fr\/index.php\/wp-json\/wp\/v2\/media?parent=16341"}],"curies":[{"name":"wp","href":"https:\/\/api.w.org\/{rel}","templated":true}]}}